e remainder when 100 is divided by 22.
12
What is the remainder when 330 is divided by 325?
5
What is the remainder when 1103 is divided by 23?
22
Calculate the remainder when 1130 is divided by 11.
8
Calculate the remainder when 110 is divided by 47.
16
Calculate the remainder when 8987 is divided by 28.
27
Calculate the remainder when 972 is divided by 15.
12
What is the remainder when 2849 is divided by 23?
20
Calculate the remainder when 866 is divided by 7.
5
What is the remainder when 210 is divided by 19?
1
Calculate the remainder when 10063 is divided by 17.
16
Calculate the remainder when 1048 is divided by 15.
13
What is the remainder when 986 is divided by 47?
46
What is the remainder when 539 is divided by 162?
53
Calculate the remainder when 178 is divided by 61.
56
What is the remainder when 116 is divided by 51?
14
Calculate the remainder when 3803 is divided by 37.
29
What is the remainder when 472 is divided by 119?
115
Calculate the remainder when 105 is divided by 54.
51
Calculate the remainder when 149 is divided by 25.
24
What is the remainder when 993 is divided by 7?
6
What is the remainder when 2501 is divided by 44?
37
What is the remainder when 486 is divided by 10?
6
Calculate the remainder when 1116 is divided by 278.
4
What is the remainder when 1087 is divided by 16?
15
Calculate the remainder when 2922 is divided by 77.
73
What is the remainder when 77 is divided by 26?
25
Calculate the remainder when 572 is divided by 147.
131
Calculate the remainder when 18047 is divided by 6.
5
What is the remainder when 1005 is divided by 28?
25
Calculate the remainder when 4235 is divided by 108.
23
Calculate the remainder when 124 is divided by 21.
19
What is the remainder when 1547 is divided by 6?
5
What is the remainder when 231 is divided by 26?
23
Calculate the remainder when 3976 is divided by 39.
37
What is the remainder when 1465 is divided by 2?
1
What is the remainder when 1395 is divided by 23?
15
What is the remainder when 525 is divided by 260?
5
Calculate the remainder when 148 is divided by 23.
10
Calculate the remainder when 877 is divided by 20.
17
What is the remainder when 139 is divided by 16?
11
What is the remainder when 415 is divided by 42?
37
What is the remainder when 1108 is divided by 222?
220
What is the remainder when 359 is divided by 100?
59
Calculate the remainder when 101 is divided by 35.
31
Calculate the remainder when 2018 is divided by 101.
99
What is the remainder when 887 is divided by 148?
147
Calculate the remainder when 464 is divided by 30.
14
What is the remainder when 4975 is divided by 33?
25
What is the remainder when 6714 is divided by 336?
330
Calculate the remainder when 1241 is divided by 18.
17
Calculate the remainder when 609 is divided by 29.
0
Calculate the remainder when 97 is divided by 10.
7
Calculate the remainder when 199 is divided by 21.
10
What is the remainder when 192 is divided by 45?
12
Calculate the remainder when 213 is divided by 16.
5
Calculate the remainder when 439 is divided by 9.
7
Calculate the remainder when 3067 is divided by 13.
12
What is the remainder when 93 is divided by 27?
12
Calculate the remainder when 50578 is divided by 37.
36
Calculate the remainder when 30 is divided by 17.
13
Calculate the remainder when 2622 is divided by 874.
0
What is the remainder when 181 is divided by 46?
43
Calculate the remainder when 28 is divided by 28.
0
Calculate the remainder when 320 is divided by 55.
45
What is the remainder when 131 is divided by 17?
12
What is the remainder when 49 is divided by 2?
1
Calculate the remainder when 78 is divided by 10.
8
What is the remainder when 378 is divided by 91?
14
What is the remainder when 290 is divided by 73?
71
Calculate the remainder when 1616 is divided by 15.
11
Calculate the remainder when 284 is divided by 84.
32
What is the remainder when 168 is divided by 55?
3
Calculate the remainder when 369 is divided by 31.
28
Calculate the remainder when 474 is divided by 122.
108
Calculate the remainder when 1459 is divided by 43.
40
What is the remainder when 38 is divided by 34?
4
Calculate the remainder when 140 is divided by 12.
8
Calculate the remainder when 21 is divided by 6.
3
What is the remainder when 726 is divided by 56?
54
Calculate the remainder when 119 is divided by 29.
3
Calculate the remainder when 1918 is divided by 113.
110
What is the remainder when 1878 is divided by 12?
6
What is the remainder when 21938 is divided by 53?
49
Calculate the remainder when 1088 is divided by 12.
8
Calculate the remainder when 6 is divided by 2.
0
What is the remainder when 583 is divided by 45?
43
Calculate the remainder when 301 is divided by 78.
67
What is the remainder when 613 is divided by 7?
4
What is the remainder when 499 is divided by 87?
64
What is the remainder when 1377 is divided by 118?
79
What is the remainder when 870 is divided by 73?
67
Calculate the remainder when 133 is divided by 76.
57
What is the remainder when 141 is divided by 12?
9
What is the remainder when 182 is divided by 27?
20
What is the remainder when 1171 is divided by 20?
11
What is the remainder when 8755 is divided by 20?
15
Calculate the remainder when 88 is divided by 38.
12
Calculate the remainder when 28 is divided by 9.
1
What is the remainder when 404 is divided by 14?
12
Calculate the remainder when 529 is divided by 7.
4
What is the remainder when 64 is divided by 56?
8
What is the remainder when 100 is divided by 34?
32
Calculate the remainder when 75 is divided by 11.
9
What is the remainder when 1547 is divided by 25?
22
What is the remainder when 1137 is divided by 33?
15
Calculate the remainder when 643 is divided by 208.
19
Calculate the remainder when 130 is divided by 27.
22
What is the remainder when 112 is divided by 30?
22
Calculate the remainder when 187 is divided by 32.
27
What is the remainder when 320 is divided by 102?
14
Calculate the remainder when 24379 is divided by 265.
264
Calculate the remainder when 358 is divided by 18.
16
What is the remainder when 205 is divided by 15?
10
What is the remainder when 13278 is divided by 16?
14
What is the remainder when 43 is divided by 39?
4
What is the remainder when 690 is divided by 11?
8
What is the remainder when 9762 is divided by 887?
5
What is the remainder when 60 is divided by 8?
4
What is the remainder when 2943 is divided by 3?
0
What is the remainder when 492 is divided by 31?
27
What is the remainder when 699 is divided by 370?
329
Calculate the remainder when 6202 is divided by 73.
70
Calculate the remainder when 4898 is divided by 20.
18
Calculate the remainder when 717 is divided by 78.
15
What is the remainder when 442 is divided by 147?
1
What is the remainder when 512 is divided by 27?
26
Calculate the remainder when 61 is divided by 8.
5
Calculate the remainder when 301 is divided by 26.
15
Calculate the remainder when 427 is divided by 177.
73
Calculate the remainder when 744 is divided by 83.
80
What is the remainder when 8974 is divided by 33?
31
What is the remainder when 18178 is divided by 57?
52
Calculate the remainder when 469 is divided by 60.
49
Calculate the remainder when 40 is divided by 23.
17
Calculate the remainder when 434 is divided by 20.
14
What is the remainder when 1651 is divided by 68?
19
What is the remainder when 537 is divided by 68?
61
Calculate the remainder when 768 is divided by 55.
53
What is the remainder when 15 is divided by 4?
3
What is the remainder when 7198 is divided by 25?
23
What is the remainder when 1204 is divided by 94?
76
What is the remainder when 195 is divided by 23?
11
What is the remainder when 83 is divided by 43?
40
What is the remainder when 432 is divided by 176?
80
What is the remainder when 39 is divided by 10?
9
What is the remainder when 243 is divided by 122?
121
Calculate the remainder when 353 is divided by 47.
24
What is the remainder when 677 is divided by 17?
14
What is the remainder when 19 is divided by 10?
9
What is the remainder when 295 is divided by 119?
57
Calculate the remainder when 780 is divided by 393.
387
What is the remainder when 132 is divided by 8?
4
What is the remainder when 47 is divided by 20?
7
What is the remainder when 2162 is divided by 4